48. Calculate q(14).
-92
Let s(k) = k**3 - 7*k**2 - 10*k + 11. Calculate s(8).
-5
Let s(w) = w**2 + w - 11. Determine s(3).
1
Let o(c) = -23*c - 10. Calculate o(-4).
82
Let o(y) = -y**3 + 10*y**2 - 16*y + 5. Determine o(7).
40
Let v(a) = a + 9. Give v(-6).
3
Let g(x) = -2*x**2 - 2*x + 2. Give g(2).
-10
Let o(w) = 2*w**3 - 14*w**2 - 9*w + 62. Give o(7).
-1
Let l(j) = 16*j - 93. Determine l(5).
-13
Let g(l) = 3*l**2 - 11*l. Determine g(3).
-6
Let k(y) = y**2 + 13*y - 9. Give k(-13).
-9
Let w(m) = m**2 - 48*m - 199. Determine w(52).
9
Let b(p) = p**2 + 7*p + 3. What is b(-2)?
-7
Let o(q) = 36*q - 115. What is o(3)?
-7
Let c(b) = -24*b + 36. What is c(0)?
36
Let z(d) = d**3 - 4*d**2 - 31*d - 10. Determine z(7).
-80
Let b(u) = 3*u - 3. Give b(1).
0
Let w(c) = -c**2 + 14*c + 4. What is w(13)?
17
Let a(v) = 4*v - 40. Calculate a(19).
36
Let w(g) = -3*g**2 - 6. Give w(3).
-33
Let v(k) = -k**2 + 5*k - 2. Give v(1).
2
Let l(s) = s**2 + 17*s + 67. What is l(-10)?
-3
Let k(g) = -5*g + 68. Give k(16).
-12
Let n(x) = -47*x + 12. Calculate n(2).
-82
Let k(i) = -i**2 - 27*i - 31. What is k(-26)?
-5
Let h(t) = -2*t + 6. Give h(0).
6
Let u(d) = 7*d**2 - d + 1. What is u(3)?
61
Let q(r) = -2*r**2 + 17*r + 25. Calculate q(10).
-5
Let f(u) = -33*u**3 - u**2 + 1. Calculate f(1).
-33
Let f(m) = -m**2 + 6. Give f(-3).
-3
Let y(m) = 13*m - 3. Determine y(3).
36
Let y(j) = 21*j + 238. Determine y(-11).
7
Let v(o) = o**3 - 12*o**2 + 14*o - 11. Calculate v(11).
22
Let p(i) = -4*i + 2. Calculate p(-1).
6
Let p(m) = 2*m + 10. Determine p(-9).
-8
Let x(y) = -y**3 + 5*y**2 + 10*y - 37. What is x(5)?
13
Let u(v) = -10*v. Determine u(2).
-20
Let v(o) = 2*o**2 + 48*o + 39. Calculate v(-23).
-7
Let j(o) = -o**2 + 18*o + 94. What is j(-5)?
-21
Let o(w) = -4*w**2 - 5*w + 4. Determine o(3).
-47
Let n(b) = -b**3 + 10*b**2 - 4*b - 4. Determine n(5).
101
Let f(z) = z. What is f(3)?
3
Let p(y) = 3*y + 6. Calculate p(-3).
-3
Let l(f) = f**3 - 7*f**2 + 5*f + 3. What is l(6)?
-3
Let a(d) = d**2 + 15*d - 8. Give a(-13).
-34
Let x(b) = -b**2 + 14*b + 3. Give x(9).
48
Let s(j) = 4*j**2 + 28*j - 19. Calculate s(-8).
13
Let l(x) = -2*x**3 + x**2 - x + 1. Calculate l(1).
-1
Let x(g) = g**3 - 18*g**2 + g - 7. Give x(18).
11
Let s(a) = -9*a - 2. Give s(-1).
7
Let s(p) = p**3 + 30*p**2 - 29*p + 54. Give s(-31).
-8
Let y(d) = -d**2 - 9*d - 21. Calculate y(-11).
-43
Let v(p) = 8*p**2 - 2*p - 10. Calculate v(-2).
26
Let b(i) = -2*i - 8. Calculate b(0).
-8
Let a(l) = -l**3 - 5*l**2 - 6*l + 2. What is a(-5)?
32
Let p(f) = 2*f**2 + 7*f - 7. Give p(4).
53
Let d(n) = -n**3 + 15*n**2 - 8. Give d(15).
-8
Let z(y) = 8*y**3 - 2*y**2 + 19*y - 17. Give z(1).
8
Let r(z) = -z + 24. Give r(13).
11
Let a(h) = -10*h + 2. Give a(3).
-28
Let c(f) = -3*f + 80. What is c(26)?
2
Let v(h) = -5*h**3 - h**2 + 2*h + 2. Calculate v(-2).
34
Let j(b) = -3*b**2 + 8*b + 14. Determine j(5).
-21
Let c(d) = -d**3 + 11*d + 21. Give c(4).
1
Let c(k) = -k**3 - 2*k**2 + 13*k - 24. Determine c(2).
-14
Let w(h) = -52*h + 6. Determine w(2).
-98
Let m(r) = -12*r + 137. Calculate m(12).
-7
Let o(l) = -l**3 + 5*l**2 - 4. Determine o(4).
12
Let y(j) = -j**3 + 18*j**2 + 19*j + 1. Give y(19).
1
Let n(a) = -a - 10. What is n(-8)?
-2
Let w(r) = r**2 - 12*r + 36. Give w(9).
9
Let r(d) = 54*d + 534. Calculate r(-10).
-6
Let z(t) = -t**2 - 9*t - 16. Give z(-8).
-8
Let u(d) = d - 101. Give u(0).
-101
Let u(t) = -9*t - 10. Calculate u(-3).
17
Let d(h) = 4*h + 4. What is d(-4)?
-12
Let m(v) = 17*v + 174. What is m(-10)?
4
Let u(o) = o**2. Determine u(-2).
4
Let b(m) = -2*m**2 + 32*m - 36. Give b(14).
20
Let v(a) = -a**2 - 2*a + 11. Give v(-4).
3
Let v(b) = -b**3 + 13*b**2 - 30*b + 13. Give v(10).
13
Let q(v) = 3*v**3 + 3*v**2 - 1. Determine q(-3).
-55
Let k(t) = 3*t**3 - 2*t - 3. Calculate k(-2).
-23
Let f(b) = 2*b**2 + b + 7. Determine f(0).
7
Let g(b) = 8*b + 8. Calculate g(-2).
-8
Let s(i) = 6*i**2 + 3*i - 2. Determine s(1).
7
Let l(x) = x**2 - 6. What is l(9)?
75
Let w(h) = 2*h**3 - 19*h**2 - 8*h - 31. Calculate w(10).
-11
Let k(c) = c**2 - 12*c + 10. Give k(9).
-17
Let x(i) = -i - 4. Determine x(3).
-7
Let v(m) = -m**3 - 5*m**2 - 8*m - 1. What is v(-5)?
39
Let g(n) = n**3 - n**2 + 2*n + 5. What is g(3)?
29
Let j(n) = -6*n. Calculate j(6).
-36
Let l(j) = j**2 - 13*j - 22. Determine l(5).
-62
Let f(c) = 41*c + 126. What is f(-3)?
3
Let v(o) = o**3 + 13*o**2 + 3*o + 5. Calculate v(-13).
-34
Let f(b) = 2*b**3 + 3*b**2 - 2*b - 6. Give f(-3).
-27
Let h(o) = -o**2 + 5*o - 7. Calculate h(6).
-13
Let l(g) = -g**3 - 10*g**2 + 6*g + 10. What is l(-10)?
-50
Let y(w) = -w**3 + 9*w**2 - 9*w + 4. Determine y(7).
39
Let k(s) = s**2 - 9*s + 1. What is k(4)?
-19
Let o(i) = -4*i**3 + 2*i**2 - 4*i + 9. Determine o(3).
-93
Let c(d) = -2*d**3 - d + 54. What is c(0)?
54
Let g(r) = -r**3 + 13*r**2 + 12*r + 30. Calculate g(14).
2
Let p(w) = w**2 + 5*w - 11. Determine p(-8).
13
Let p(d) = 4*d**3 + d**2 - d - 1. Determine p(-1).
-3
Let z(x) = x**2 + 22*x - 26. Calculate z(-24).
22
Let i(v) = 2*v**2 + 2*v - 8. Give i(-4).
16
Let u(y) = 2*y**2 - 18*y + 8. Calculate u(9).
8
Let r(c) = 4*c - 14. What is r(0)?
-14
Let l(b) = 72*b + 9. Calculate l(-1).
-63
Let m(d) = -d**3 + 6*d**2 + 2*d + 1. Determine m(6).
13
Let t(i) = i**2 + 26*i + 161. Give t(-15).
-4
Let a(h) = 2*h**2 - 3*h + 5. Give a(-5).
70
Let i(f) = 7*f - 189. Calculate i(26).
-7
Let k(d) = -2*d**2 - 35*d - 24. Give k(-17).
-7
Let v(n) = -2*n**2 + 14*n - 25. Determine v(10).
-85
Let a(x) = x - 1. Calculate a(0).
-1
Let l(u) = -2*u**2 + 14*u - 2. Give l(7).
-2
Let o(a) = -a**3 - 10*a**2 - 20*a - 26. Calculate o(-7).
-33
Let m(t) = -2*t - 23. What is m(-11)?
-1
Let h(d) = -3*d**3 + d**2 + 7*d. Determine h(-2).
14
Let j(q) = -q**3 + 32*q**2 - 115*q + 92. Determine j(28).
8
Let l(c) = -3*c + 11. Give l(8).
-13
Let h(u) = -u**3 + 9*u**2 - 7*u - 13. Calculate h(8).
-5
Let u(s) = s**3 + 5*s**2 - 1. What is u(-4)?
15
Let u(w) = w**2 - 8*w + 8. Calculate u(5).
-7
Let u(l) = l - 11. Determine u(16).
5
Let j(g) = -2*g**3 + 14*g**2 - g + 9. Give j(7).
2
Let w(l) = -2*l**2 - 10*l - 7. Calculate w(-8).
-55
Let r(p) = -p**3 - 19*p**2 - 2*p - 47. Give r(-19).
-9
Let h(p) = p**3 + 6*p**2 - 3*p + 3. Give h(-6).
21
Let b(z) = 46*z - 288. Determine b(6).
-12
Let s(j) = j + 24. Calculate s(-18).
6
Let m(h) = 7*h + 6. Determine m(2).
20
Let x(i) = -i**2 - 6*i + 7. Determine x(-7).
0
Let z(x) = 11*x - 74. Determine z(6).
-8
Let g(k) = -9*k - 4. Determine g(-8).
68
Let l(w) = w**2 - 8*w - 41. What is l(15)?
64
Let i(v) = v**2 - 9*v + 13. Determine i(8).
5
Let k(d) = -d**3 + 16*d**2 + d - 16. Determine k(16).
0
Let y(z) = -z**3 + 3*z**2 + 3*z + 5. Determine y(4).
1
Let m(w) = 17*w**2 - w + 1. What is m(1)?
17
Let l(s) = -3*s**3 + 22*s**2 - 14*s - 35. Calculate l(6).
25
Let b(k) = k**3 + k**2 + 22. Determine b(0).
22
Let w(a) = -a - 26. What is w(-8)?
-18
Let k(u) = -10*u - 59. Determine k(-7).
11
Let u(m) = 70*m + 3. Calculate u(-2).
-137
Let l(f) = -46*f + 92. Give l(2).
0
Let a(o) = 7*o + 13. Give a(-4).
-15
Let d(w) = w**2 - 7*w - 6. Determine d(6).
-12
Let u(c) = c**2 - 8*c - 10. Calculate u(9).
-1
Let o(n) = -19*n - 220. Calculate o(-11).
-11
Let g(i) = -i - 27. Give g(-23).
-4
Let g(l) = -l**3 - 4*l**2 + 8*l + 15. What is g(-5)?
0
Let c(k) = -k**2 - 16*k - 18. Calculate c(-14).
10
Let w(g) = -g**2 + 12*g - 11. Determine w(9).
16
Let l(c) = -10*c. Determine l(-1).
10
Let b(i) = i**3 + 9*i**2 + 9*i + 9. Determine b(-8).
1
Let t(r) = 11*r**3 + r**2 + 3*r + 1. Calculate t(-1).
-12
Let x(y) = -44*y - 294. What is x(-6)?
-30
Let c(l) = l**2 + 11*l - 325. Determine c(13).
-13
Let l(o) = o + 10. Give l(-12).
-2
Let y(a) = -a**2 + 7*a - 3. Determine y(8).
-11
Let d(t) = -2*t**3 - 3*t**2 - 7*t - 10. What is d(-3)?
38
Let m(u) = -20*u. Calculate m(-1).
20
Let b(f) = f**2 + 4*f - 16. What is b(-8)?
16
Let l(n) = n**3 - 24*n**2 - 25*n - 15. Give l(25).
-15
Let w(y) = 7*y - 56. Calculate w(7).
-7
Let j(l) = l**3 + 60*l**2 + 2. Calculate j(-60).
2
Let k(r) = -r**2 + 3*r + 2. What is k(7)?
-26
Let c(m) = m**3 + 4*m**2 - 3*m - 6. Determine c(-4).
6
Let a(r) = -r**2 - 2*r + 33. Calculate a(5).
-2
Let l(j) = -5*j + 5. Determine l(8).
-35
Let r(u) = -u**3 + u**2 - 2*u + 13. What is r(3)?
-11
Let o(t) = 2*t + 14. What is o(-6)?
2
Let y(r) = -2*r**2 + r -